e the prime factors of j(w)?
2, 3
Let n be 2 + (-1 - 4 - -2). Suppose -5*g - 25 = 0, 5*h + 8*g = 3*g + 20. Let q = h + n. List the prime factors of q.
2
Let r(n) = 80*n**3 + 2*n**2 - 3*n + 2. Let c be (3 - 25/5) + 3. What are the prime factors of r(c)?
3
Suppose 257*c = 272*c - 11670. List the prime factors of c.
2, 389
Suppose 3*c - p = -4*p + 1488, p = 5. List the prime factors of c.
491
Suppose n = 2*n + 4. Let u be n/(-6) + (-13)/(-3). Suppose -u*p - 14 + 49 = 0. List the prime factors of p.
7
Suppose 0 = 2*o - 8, 0 = -5*d - 3*o - 0*o + 2. What are the prime factors of (-44)/20*d*5?
2, 11
Suppose -6*q = -4*q - 1206. What are the prime factors of q?
3, 67
Let y(g) = g**3 + 5*g**2 + 11*g - 5. Let i be y(-5). List the prime factors of (9/(-4))/(5/i).
3
Suppose 659 = -465*u + 466*u. What are the prime factors of u?
659
Let h = 28 + -26. Suppose i - 5*i + 8 = 0, 2 = n - h*i. List the prime factors of (171/(-6))/(n/(-8)).
2, 19
Let k(d) = -d**3 + 23*d**2 - 23*d - 29. What are the prime factors of k(15)?
2, 23, 31
Let p = -144 - -219. Suppose 5*l + 2*j - p = 288, l - 4*j = 55. List the prime factors of l.
71
Let d = 24 - 11. Let a = d - 11. Suppose 7 + a = 3*r. List the prime factors of r.
3
Suppose 8 = -v + 20. Suppose -y - 4*q = -7, -y - q + 7 = -v. List the prime factors of y.
23
Suppose g - 5*j = -3*g + 232, -116 = -2*g + 3*j. Suppose g = 4*u - 2. What are the prime factors of u?
3, 5
Let o(z) = -2*z**3 - 23*z**2 + 45*z - 18. What are the prime factors of o(-14)?
2, 83
Let z be -4*6/5*160/24. Let b = 1 - -2. List the prime factors of (z/b)/((-6)/18).
2
Let i = -54 + 59. List the prime factors of i*17*4/10.
2, 17
Let s = 46 + 29. Suppose 32 = z - s. What are the prime factors of z?
107
Let i = -90 - -236. Let w = 8 + -3. Suppose -6*h + 4*h - w*u + 77 = 0, 2*u = -4*h + i. List the prime factors of h.
2, 3
Let q(b) = 4*b**3 + 6 + 3 + 8 - 5 - 4*b - 5*b**2. What are the prime factors of q(4)?
2, 43
Let z(t) = -t**2 - 8*t + 9. Let c(l) = 2*l + 3. Let v be c(5). Let i = v + -21. List the prime factors of z(i).
3
Let r(m) = 5*m**3 + 4*m + 7. Let x be r(4). Suppose -5*w + 87 = -x. List the prime factors of w.
2, 43
Suppose 2*d + 1 = -5*m, 3*m + 19 = d - m. Let h(o) = -11*o - 1. Let q be h(d). Let b = -33 - q. List the prime factors of b.
3, 5
Let y(z) = z**3 - 20*z**2 - 8*z + 18. What are the prime factors of y(21)?
3, 97
Suppose 31 = m + 7. Suppose 2*g = 4 + m. List the prime factors of g.
2, 7
Let k(z) = 11*z + 7. Let n(d) = 21*d + 14. Let c(y) = -9*k(y) + 4*n(y). What are the prime factors of c(-9)?
2
Let b = 2838 + -1834. What are the prime factors of b?
2, 251
Let a(k) = k**2 + 24*k - 150. List the prime factors of a(25).
5, 43
Suppose 0*a + 24 = 3*a - 3*z, 0 = -2*a - 5*z - 5. Let n be (-16)/8 + -1 + a. Suppose 4*m + n*m - 240 = 0. List the prime factors of m.
2, 5
Suppose 0 = 2*u + 4*l - 326, -3*u - 2*u + 775 = 2*l. Let y = u + -91. Suppose 0 = -3*h + h + y. List the prime factors of h.
31
Suppose -3*t + 2013 = 4*y, -t - 502 = -y - 3*t. What are the prime factors of (1 + 1)/(48/y)?
3, 7
Let f = 260 + 1985. List the prime factors of f.
5, 449
Suppose 30*y - 66 = 27*y. Suppose -y = -m - 2*r, 0 = -r - 4*r - 15. List the prime factors of m.
2, 7
Let x(a) = -a**3 - 4*a**2 + 24*a - 9. Let m be x(-10). Suppose 8*s = -s + m. List the prime factors of s.
3, 13
Let z be 6 - (-4 - 10/(-2)). Suppose -z*i + 103 = -297. What are the prime factors of i?
2, 5
Suppose 351 = 2*l + x, -l + 198 = -0*x - 4*x. Let w = l + -112. What are the prime factors of (-11)/w - (-265)/6?
2, 11
Let v(i) = 70*i - 96. List the prime factors of v(12).
2, 3, 31
Suppose 4 = x + 1. Suppose x*b - 5*b = -36. List the prime factors of b.
2, 3
Let s be (-7 - 2) + (-1 - -1). Let c = s - -23. List the prime factors of c.
2, 7
Let r be (2 + -2)/(1 + 0). Suppose 3*d - 1 - 2 = r. Let v = d + 11. List the prime factors of v.
2, 3
Let f = -174 + 300. List the prime factors of f.
2, 3, 7
Let d(a) = a**2 - 5*a + 11. Let t be d(3). List the prime factors of t*3*(-132)/(-60).
3, 11
Let n be ((-18)/(-4) - 3)*(-14)/3. Let u(y) = 3 + 3*y - 7*y + 3*y. List the prime factors of u(n).
2, 5
Let g(a) = 2*a**3 + 13*a**2 + 5*a - 6. Let z be g(-6). Suppose z = -13*f - 113 + 295. What are the prime factors of f?
2, 7
Let c be 154/28 - (-2)/(-4). Suppose -3*r + 192 = -5*k - 53, -2*k = -c*r + 383. What are the prime factors of r?
3, 5
Suppose 97 = -4*s - 95. Suppose 299*q - 300*q + 74 = 0. Let x = s + q. List the prime factors of x.
2, 13
Suppose i = -4*m + 523, -2*i = -2*m + 219 + 45. What are the prime factors of m?
131
Let x(c) = 2*c**2 + 26*c + 5. Let j be x(-13). Suppose -j*t = -53 - 227. List the prime factors of t.
2, 7
Let o(t) = -t**2 - 7*t - 10. Let u be o(-4). Suppose -2 = 2*i + u. What are the prime factors of 304/72 + i/9?
2
Suppose -3*f - 3640 = -4*h, 8*f = -4*h + 4*f + 3640. List the prime factors of h.
2, 5, 7, 13
Suppose -5*q - 4*x = 66, 0 = -q - 3*x - 22. Let j = q - -24. What are the prime factors of j?
2, 7
Suppose 0 = 2*i - 4*u - 31 - 27, 0 = -2*i - 2*u + 76. Let j = 105 + i. List the prime factors of j.
2, 5, 7
Suppose 0*b - 6*b + 30 = 0. Suppose -4*m + 10 = 2. Suppose -104 = -m*t - 5*n, b*t - 2*n = 2*t + 175. List the prime factors of t.
3, 19
Suppose 5*g + 5 + 5 = 0, -g = -4*x + 786. List the prime factors of x.
2, 7
Let h(x) = 28*x - 184. List the prime factors of h(15).
2, 59
Suppose 43 = -15*l + 13. Let a(s) = 38*s**2 - 2*s - 5. List the prime factors of a(l).
151
Suppose 0 = 7*x + 45 + 60. List the prime factors of 2/(-5) - 216/x.
2, 7
Let v = 466 + -325. List the prime factors of v.
3, 47
Let n = -44 + 805. List the prime factors of n.
761
Suppose 0 = -3*s + 3*o + 12, 3*s + o + 9 = 5*s. Suppose 3*g + 4*l = 42, -s*g - 3*l + 65 = 2*l. Suppose 0 = 2*y - g - 46. List the prime factors of y.
2, 7
Suppose -t - 4*t = -10, -t - 19 = -3*g. Suppose 5*s + 192 = g*s. Suppose -s = -2*v - v + 2*m, 0 = 5*v - 2*m - 164. List the prime factors of v.
2, 17
Suppose -5*y + o + 34 = 0, 0 = -4*y + 5*o + 65 - 21. Suppose -2*a = -y*a + 124. List the prime factors of a.
31
Suppose 70 = 4*l + 3*u - 204, 2*l = -3*u + 134. List the prime factors of l.
2, 5, 7
What are the prime factors of (-12310)/(-40)*8 + -7?
5, 491
Let z(g) = g - 4. Let p be z(6). Suppose -3*a - 23 = -p. List the prime factors of -2 + 176/(-3 - a).
2, 3, 7
Suppose 5*y - 1698 = -2*l, 0 = -6*l + 3*l - 3*y + 2565. What are the prime factors of l?
859
Let u = 53 + -33. What are the prime factors of u + (0 - 16/4)?
2
Suppose 5*v + 4*f - 10 = 0, -2*f + 14 = 5*v + 4. Let m(z) = -z**2 + z + 2. Let o be m(6). Let b = v - o. What are the prime factors of b?
2, 3, 5
Let b = 616 - 246. What are the prime factors of b?
2, 5, 37
What are the prime factors of -7 - -736 - (1 - (0 - 5))?
3, 241
Let w(t) = t**2 - 23*t - 30. What are the prime factors of w(-27)?
2, 3, 5, 11
Let r be -9*(-1 + (-7)/3 + 3). Suppose -208 - 11 = -r*m. List the prime factors of m.
73
Suppose 4*t + n - 21 = 0, -3*t + 0*t = -3*n - 12. Suppose -5*a - t*g = 0, -2*a - 5*g - 1 = -2*g. List the prime factors of 4/(a + -3) - -25.
23
Suppose -m = -9*m + 32. Suppose -m*d - 2*q = d - 157, -3*d = 4*q - 83. List the prime factors of d.
3, 11
Suppose 0 = 8*y - 11*y + 33. Suppose y*m = 12*m - 10. List the prime factors of m.
2, 5
Let s = 273 - 134. List the prime factors of s.
139
Suppose i - 6 = -3*o, -4*o + 7 - 27 = -i. Suppose i*w - 16*w = -56. What are the prime factors of w?
2, 7
Suppose 869 = 5*g + j, -6*j - 523 = -3*g - 5*j. List the prime factors of g.
2, 3, 29
Let n(m) = -2*m**2 - 6*m - 1. Let l = 8 + -12. Let d be n(l). Let q = 18 - d. List the prime factors of q.
3
Suppose 7*f + 60 = 2*f. Let x be 15 + f/(1 - -3). Suppose -3*c - c = -x. What are the prime factors of c?
3
Suppose 4*k = k + 711. Let i = k + -72. Suppose 5*n - 3*f = 165, i = 5*n - 0*n - 2*f. What are the prime factors of n?
3, 11
Let c(w) = 13*w**2 + 51*w - 2. List the prime factors of c(-7).
2, 139
Let u(c) = 65*c**2 + c - 9. List the prime factors of u(3).
3, 193
Let y(d) = d**3 - 7*d**2 - 7*d - 6. Let l be y(8). Suppose 58 = -q - l. What are the prime factors of (q/9)/(3/(-9))?
2, 5
Let s(u) = 44*u**2 + 56*u - 12. List the prime factors of s(6).
2, 3, 53
Suppose -35*f = -26*f - 639. List the prime factors of f.
71
L